{"id":64,"date":"2017-12-18T11:36:12","date_gmt":"2017-12-18T11:36:12","guid":{"rendered":"http:\/\/wp.wood-stuff.de\/?page_id=64"},"modified":"2021-04-21T09:14:49","modified_gmt":"2021-04-21T09:14:49","slug":"die-band","status":"publish","type":"page","link":"https:\/\/www.wood-stuff.de\/?page_id=64","title":{"rendered":"Die Band"},"content":{"rendered":"<p>F\u00fcnf Musiker, wie sie unterschiedlicher nicht sein k\u00f6nnten &#8211; gut, macht ja auch jeder was anderes &#8211; eint die Freude an der Musik der Sechziger bis Neunziger!<br \/>\nJa, das ist WOODSTUFF! Ob Ladenlokal, Innenhof oder Parkanlage, WOODSTUFF macht aus jeder Location ein Kollosseum!<br \/>\nDer Klang schwebt leicht wie ein Seidenschal auf das Publikum hinunter und formt, einem herkulischen Windsto\u00df gleich, den Facon-Schnitt der G\u00e4ste v\u00f6llig neu. Mit jedem Auftritt gewinnt die Band neue Freunde, die sie liebevoll in ihre weitge\u00f6ffneten, musikalischen Arme schlie\u00dft, um gnadenlos ein fr\u00f6hliches L\u00e4cheln auf deren Gesichter zu zwingen!<\/p>\n\n<table id=\"tablepress-2\" class=\"tablepress tablepress-id-2\">\n<tbody>\n<tr class=\"row-1\">\n\t<td class=\"column-1\"><br><img src=\"http:\/\/www.wood-stuff.de\/WordPress_03\/wp-content\/uploads\/2017\/12\/helmuth_s.png\" alt=\"Helmuth Weil\" width=\"144\" height=\"153\" class=\"alignnone size-full wp-image-56\" \/><\/td><td class=\"column-2\"><br><strong>Helmuth Weil - Gesang<\/strong><br \/>\n\"Der Rheinl\u00e4nder kann nichts wirklich richtig, traut sich aber alles zu!\" Das stimmt wohl. Unser Frontmann kann recht laut und manchmal, an guten Tagen, sogar ein wenig sch\u00f6n, daf\u00fcr ist er aber auch erst zufrieden, wenn das Publikum glaubt, was er erz\u00e4hlt. \"Wir kommen als Freunde und gehen unter Polizeischutz!\" , ist nur eine seiner Leitlinien. Besser w\u00e4re es, ihr glaubt ihm schnell!<br \/>\n<br \/>\n<\/td>\n<\/tr>\n<tr class=\"row-2\">\n\t<td class=\"column-1\"><br><img src=\"http:\/\/www.wood-stuff.de\/WordPress_03\/wp-content\/uploads\/2017\/12\/kalle_s.png\" alt=\"Kalle K\u00fcnkel\" width=\"146\" height=\"153\" class=\"alignnone size-full wp-image-58\" \/><\/td><td class=\"column-2\"><br><strong>Kalle K\u00fcnkel - Gitarre, Gesang<\/strong><br \/>\n\"Gehen Sie bitte weiter, hier gibt es nichts zu sehen!\" Nein, aber zu h\u00f6ren! Sie da vorne an der B\u00fchnenkante m\u00f6gen denken, der Mann mag Sie! Nichts da, er liebt seine Gitarre! Fertig! Und wenn Sie dem feingeh\u00e4kelten Soloklangteppich von Kalle K\u00fcnkel nicht trauen, z\u00e4hlen Sie ruhig noch mal nach. Stimmt, an jeder Hand nur f\u00fcnf Finger!<br \/>\n<br \/>\n<\/td>\n<\/tr>\n<tr class=\"row-3\">\n\t<td class=\"column-1\"><br><img src=\"http:\/\/www.wood-stuff.de\/WordPress_03\/wp-content\/uploads\/2017\/12\/juergen_s.png\" alt=\"J\u00fcrgen Bethge\" width=\"149\" height=\"153\" class=\"alignnone size-full wp-image-57\" \/><\/td><td class=\"column-2\"><br><strong>J\u00fcrgen Bethge - Gitarre, Gesang<\/strong><br \/>\nSo einen Kerl w\u00fcnscht sich jeder in der Truppe: J\u00fcrgen Bethge, die Personifikation eines Multitools mit 365 Funktionen. Techniker, Gitarrist, Arrangeur und Musiklexikon in einem!<br \/>\nEin Seele von Mensch und eine Bestie, wenn jemand behauptet, er w\u00fcsste besser, was guter Sound sei. Was einfach nicht so ist!<br \/>\n<br \/>\n<\/td>\n<\/tr>\n<tr class=\"row-4\">\n\t<td class=\"column-1\"><br><img src=\"http:\/\/www.wood-stuff.de\/WordPress_03\/wp-content\/uploads\/2017\/12\/thommy_s.png\" alt=\"Thomas Husemann\" width=\"151\" height=\"153\" class=\"alignnone size-full wp-image-59\" \/><\/td><td class=\"column-2\"><br><strong>Thomas Husemann - Bass<\/strong><br \/>\n\"Der Mann ihrer Tr\u00e4ume, muss ein Bassmann sein, das Kitzeln im Bauch macht sie verr\u00fcckt!\", so hat es mal ein U-Boot gesungen!<br \/>\nSo possierlich unser Thommy auch wirkt, Stahltr\u00e4ger erbeben, wenn er seine Fingerkuppen kr\u00fcmmt. Aber, tr\u00e4umen d\u00fcrft ihr...<br \/>\n<br \/>\n<\/td>\n<\/tr>\n<tr class=\"row-5\">\n\t<td class=\"column-1\"><br><img src=\"http:\/\/www.wood-stuff.de\/WordPress_03\/wp-content\/uploads\/2017\/12\/christian_s.png\" alt=\"Christian Koch\" width=\"148\" height=\"153\" class=\"alignnone size-full wp-image-55\" \/><\/td><td class=\"column-2\"><br><strong>Christian Koch -  Drums<\/strong><br \/>\nDie Trommelfelle, die Chris Koch uhrwerkgleich auf sanfte Art mit der Eleganz einer Strau\u00dfenfeder oder aber mit der Wucht eines Vorschlaghammers bearbeitet, umkleiden den Herzmuskel, der das Blut rhythmisch durch die Adern der Maschine jagt, die sich da WOODSTUFF nennt!<br \/>\n<br \/>\n<\/td>\n<\/tr>\n<\/tbody>\n<\/table>\n<!-- #tablepress-2 from cache -->\n<p>&nbsp;<\/p>\n<p><img decoding=\"async\" loading=\"lazy\" class=\"alignnone wp-image-36 size-medium\" src=\"https:\/\/www.wood-stuff.de\/WordPress_03\/wp-content\/uploads\/2017\/12\/woodstuff_2-1-300x130.gif\" alt=\"\" width=\"300\" height=\"130\" \/><\/p>\n","protected":false},"excerpt":{"rendered":"<p>F\u00fcnf Musiker, wie sie unterschiedlicher nicht sein k\u00f6nnten &#8211; gut, macht ja auch jeder was anderes &#8211; eint die Freude an der Musik der Sechziger bis Neunziger! Ja, das ist WOODSTUFF! Ob Ladenlokal, Innenhof oder Parkanlage, WOODSTUFF macht aus jeder Location ein Kollosseum! Der Klang schwebt leicht wie ein Seidenschal auf das Publikum hinunter und &hellip; <\/p>\n<p class=\"link-more\"><a href=\"https:\/\/www.wood-stuff.de\/?page_id=64\" class=\"more-link\"><span class=\"screen-reader-text\">&#8222;Die Band&#8220;<\/span> weiterlesen<\/a><\/p>\n","protected":false},"author":1,"featured_media":251,"parent":0,"menu_order":0,"comment_status":"closed","ping_status":"closed","template":"","meta":[],"_links":{"self":[{"href":"https:\/\/www.wood-stuff.de\/index.php?rest_route=\/wp\/v2\/pages\/64"}],"collection":[{"href":"https:\/\/www.wood-stuff.de\/index.php?rest_route=\/wp\/v2\/pages"}],"about":[{"href":"https:\/\/www.wood-stuff.de\/index.php?rest_route=\/wp\/v2\/types\/page"}],"author":[{"embeddable":true,"href":"https:\/\/www.wood-stuff.de\/index.php?rest_route=\/wp\/v2\/users\/1"}],"replies":[{"embeddable":true,"href":"https:\/\/www.wood-stuff.de\/index.php?rest_route=%2Fwp%2Fv2%2Fcomments&post=64"}],"version-history":[{"count":12,"href":"https:\/\/www.wood-stuff.de\/index.php?rest_route=\/wp\/v2\/pages\/64\/revisions"}],"predecessor-version":[{"id":446,"href":"https:\/\/www.wood-stuff.de\/index.php?rest_route=\/wp\/v2\/pages\/64\/revisions\/446"}],"wp:featuredmedia":[{"embeddable":true,"href":"https:\/\/www.wood-stuff.de\/index.php?rest_route=\/wp\/v2\/media\/251"}],"wp:attachment":[{"href":"https:\/\/www.wood-stuff.de\/index.php?rest_route=%2Fwp%2Fv2%2Fmedia&parent=64"}],"curies":[{"name":"wp","href":"https:\/\/api.w.org\/{rel}","templated":true}]}}